9 and c.
13
Let f(l) = 4*l**3 - l**2 + l + 3. Let z(w) = w**3 - 12*w**2 - 14*w + 16. Let t be z(13). Let s be f(t). Calculate the greatest common factor of s and 15.
15
Let r = 5 - 1. Let b = 5 + -3. Suppose l - 61 = -5*h, r*l = -b*h + 7*h + 194. What is the greatest common factor of 34 and l?
17
Let z(a) = -a - 10. Let q be z(-7). Let h = q + 9. Let b(o) = 5*o - 4. Let i be b(h). Calculate the greatest common divisor of i and 13.
13
Suppose -3*y - 16 = -5*i, 0 = 2*i + i + 3*y. Let l = 11 - -7. Calculate the highest common divisor of l and i.
2
Suppose 0 = u - 1 - 1. Let s = 22 - 16. Calculate the highest common divisor of u and s.
2
Let w = -13 - -22. Let d = w + 23. Calculate the greatest common divisor of d and 8.
8
Suppose 0 = 4*r - 4*m - 8, r + 4*m - 16 = -3*r. Let u(b) = b**2 + 9*b + 1. Let o be (9/4)/((-1)/4). Let s be u(o). What is the highest common factor of s and r?
1
Let x be (-51)/(-136) - (-378)/16. Calculate the greatest common divisor of x and 192.
24
Suppose 0 = 4*o - 3*k - 228, 81 = 4*o + 2*k - 127. What is the greatest common divisor of o and 6?
6
Let r = 14 - 7. What is the highest common divisor of r and 21?
7
Let a(o) = -o**3 - 2*o**2 + o + 1. Let d be a(-2). Let t = 3 - d. Suppose t*v = 16 + 12. Calculate the highest common divisor of v and 1.
1
Let f be (174/2)/(((-12)/56)/(-1)). Calculate the highest common factor of 58 and f.
58
Let v(n) = -n**3 + 18*n**2 - 8*n + 18. Let d be v(17). Suppose 2*q - 2*s - 28 = -7*s, -4*s = -3*q + 65. What is the greatest common factor of d and q?
19
Let g = -474 - -138. Let x be 12/(-20) - g/10. What is the greatest common factor of x and 3?
3
Suppose -5*p - 7 = 8, 2*b - 42 = -2*p. Calculate the highest common divisor of 8 and b.
8
Let x = -9 + 14. Suppose 0 = -4*y + x*y - 2. Calculate the greatest common divisor of 1 and y.
1
Suppose 0 = -5*l + 4*f - 6, 0*l = l - f + 1. Let n be 1 - (-651 + (-1 - l)). Suppose 5*g = -266 + n. What is the greatest common factor of 7 and g?
7
Let t(j) = 13*j**2 - 1. Let b be (2*(-3)/6)/1. Let c be t(b). Calculate the highest common factor of c and 132.
12
Let g(h) = -h**2 + 14*h - 30. Let v be g(6). Calculate the highest common divisor of v and 12.
6
Let h(s) = 12*s - 3. Let o be h(2). Suppose -o = 4*b - 61. Let m(k) = 2*k**2 - 24*k + 120. Let n be m(7). Calculate the highest common factor of b and n.
10
Let x = 3 - -3. Suppose 0 = 4*g - v - 31, 6*g - 38 = 4*g - 4*v. Calculate the highest common factor of x and g.
3
Suppose 0 = -4*h + 4*s + 16, -7*h + 5*s + 16 = -3*h. Let q(c) = -6*c + 5*c - 2 - c**2 + 9*c. Let y be q(h). Calculate the greatest common divisor of y and 112.
14
Let a = -92 - -93. Calculate the highest common divisor of a and 3.
1
Suppose -3*a + a + 44 = 0. Let d(k) = -k**2 - k + 55. Let i be (-2)/8 - (-2)/8. Let y be d(i). What is the highest common divisor of a and y?
11
Suppose -5*f = 25, -2*f = -3*q - 4*f - 7. Suppose 2*k = -q + 5. Calculate the greatest common factor of k and 8.
2
Let k = -10 + 18. Suppose -5*b - 32 = -x + 15, 2*b + 6 = 0. What is the highest common factor of k and x?
8
Let d be 13 + -1*2 - -1. Let r = 5 + -1. Suppose 0 = -0*b + 4*b - r*z - 64, -4*b + 36 = 3*z. What is the highest common divisor of d and b?
12
Let n be (-6 + -7)*(-1)/1. Calculate the highest common factor of n and 91.
13
Suppose 614 = 2*s + 3*s - 2*a, -2*a = s - 130. Calculate the greatest common divisor of 186 and s.
62
Let b be 80/(-15)*(-26 + -1). Let m(j) = j**2 - 2*j - 2. Let a be m(-2). Let p be 13 + a/(2/1). What is the greatest common factor of b and p?
16
Suppose 5*n - n + 26 = -5*w, 21 = -3*n - 3*w. Let v = -8 - n. Suppose -2*k - v + 11 = 0. Calculate the highest common divisor of k and 1.
1
Suppose -2*u + 2*j + 18 = 4*j, 25 = 3*u + 5*j. What is the greatest common factor of 4 and u?
2
Suppose 1 = -5*k + 11. Let h be ((-6)/4)/(51/(-136)). Suppose 4*j = k*j + h. What is the greatest common divisor of j and 22?
2
Suppose -13 - 30 = o. Let d be (-8)/(-20) + o/(-5). What is the highest common factor of 27 and d?
9
Suppose 0*r - 130 = -2*r + 2*s, 0 = -r - 5*s + 83. Calculate the highest common divisor of r and 102.
34
Suppose -20 = -7*f + 2*f. Suppose -38 = -3*o + f. Let k(b) = b**2 - 2*b + 8. Let j be k(-6). What is the greatest common factor of j and o?
14
Let p = 12 - 8. Let k(h) = 19*h - 4. Let g be k(p). What is the highest common factor of g and 9?
9
Suppose -5*h + 425 = 40. Let o be 2/(1 - (-94)/(-98)). Suppose 5*k = 6 + o. Calculate the highest common factor of h and k.
11
Suppose 0*n - 50 = -5*n. What is the greatest common divisor of n and 10?
10
Let r(y) = -3*y + 11. Let w be r(0). What is the highest common factor of 66 and w?
11
Suppose 50 = 2*h + w - 127, 2*h + 4*w = 180. Suppose -v + h = 2*v - 2*q, -3*q = -3*v + 87. What is the greatest common factor of 75 and v?
15
Let j be (143/26)/(2/4). What is the greatest common factor of j and 11?
11
Let k = -79 + 119. Let s be 3*40/(-18)*-3. Calculate the highest common factor of s and k.
20
Let l be (-33)/(-7) - (0 + (-4)/14). Let p be (1 - 0)/(2/8). Suppose -g = -2*j + 1 - 4, 0 = p*g + 4*j. Calculate the greatest common divisor of g and l.
1
Let g be 15/((-3)/((-6)/2)). Suppose -3*v + 1 = -5*n - 14, -16 = -v - 2*n. Suppose -v = -2*w + w. What is the greatest common factor of g and w?
5
Let i = 36 + -24. Let x = i + 0. Let j be (3 - (0 + 1))*x. Calculate the highest common factor of j and 12.
12
Suppose -82 = -3*m - 2*r, -3*m + 3*r = 6*r - 78. Let i(u) = -u**3 - 8*u**2 - 8*u + 8. Let j be i(-7). What is the highest common divisor of j and m?
15
Let q = 3 - 7. Let s = q - -6. Let a be 4 + -2 + 128/s. What is the highest common factor of a and 6?
6
Let w(q) = q**2 - 13*q + 6. Let y be w(14). Calculate the greatest common factor of 30 and y.
10
Let b(m) = 4*m**2 + 4*m - 16. Let k be b(-10). Calculate the greatest common factor of 43 and k.
43
Let l(n) = -14*n**3 + n**2 + 6*n + 6. Let d be l(-1). Calculate the highest common factor of 6 and d.
3
Suppose -r = -3*v - 78, -2*v + 5*v = 4*r - 267. Let j(w) = -4*w - 1. Let m be j(-2). Calculate the greatest common factor of m and r.
7
Suppose y - 3*y + 6 = 0. Suppose 81 = 6*z - y*z. What is the highest common divisor of z and 3?
3
Let g = -23 + 26. Suppose 0 = 4*j - 70 - 26. Calculate the greatest common divisor of g and j.
3
Let l(f) = -11*f + 5 + 6*f**2 - 3*f - 7*f**2. Let a be l(-13). Calculate the greatest common factor of a and 36.
18
Let i be 5 + (1 - 2) + 2. Suppose -r = -4 + 3. Suppose -r + 10 = 3*o. What is the highest common divisor of o and i?
3
Suppose -a + 4*j = 4*a - 216, 3*j - 108 = -3*a. What is the greatest common divisor of a and 10?
10
Suppose -2*h - 10 = -v, 2*v + h - 3*h = 12. Suppose 0 = 3*u + v*u - 60. What is the greatest common factor of 18 and u?
6
Let v(z) = z + 12. Let y be v(10). Suppose d - y = -7. Calculate the greatest common divisor of 30 and d.
15
Suppose -3*r - 3*x + 9 = 0, -2*r - 2 + 10 = x. Let s be 92 - (r + (-6)/2). What is the highest common divisor of s and 36?
18
Let i be ((-20)/6)/(3/9). Let m = i - -17. Let n = -43 + 71. Calculate the highest common divisor of n and m.
7
Let z = 33 - 20. Suppose -5*q - 4*x + 66 = -3*x, -q + 9 = -4*x. What is the greatest common factor of z and q?
13
Let r = -4 + 5. Let d be (-1 - -48) + (-1 - r). Calculate the greatest common factor of d and 9.
9
Let g(y) = -y**3 - 7*y**2 + 9*y - 9. Let v be g(-9). Suppose -25 = -5*b + 15. Calculate the greatest common divisor of b and v.
8
Suppose -2*p + 6 = p. Suppose 4*i - p*k = 104, -3*i = -4*k - 98 + 25. Suppose 5*h + 97 = 2*q + i, 0 = h + 2. Calculate the greatest common divisor of q and 6.
6
Suppose 2*c - 36 = 3*k - 14, 5*k + 50 = 5*c. Let b = c - 8. Suppose u + 4*f - 94 = b, -3*f = -u - 2*f + 114. What is the highest common divisor of u and 10?
10
Let d = -218 - -308. Let t = -16 - -50. Suppose v = t + 2. Calculate the greatest common factor of v and d.
18
Let x = -9 - -20. Suppose -4*h = -6*h + 22. Calculate the highest common divisor of x and h.
11
Let s(k) = -k + 12. Let w be s(9). Suppose w*f = -f + 64. Suppose -4*p + 5*r + 260 = 3*r, 4*p = -5*r + 246. What is the greatest common divisor of p and f?
16
Let a = 97 - 95. Calculate the highest common factor of a and 8.
2
Suppose -5*b - 192 = -17*b. Calculate the highest common f